2977699?
False
Is 38169256 a multiple of 2?
True
Is 4799 a factor of 85546974?
True
Is 132 a factor of 203025372?
True
Is 6093312988 a multiple of 17?
False
Is 218416764 a multiple of 6?
True
Does 15 divide 3773370?
True
Is 35469378 a multiple of 207?
False
Does 317 divide 1551907215?
False
Does 9 divide 10381599?
True
Is 7 a factor of 86684416?
True
Does 95 divide 572545810?
True
Is 2 a factor of 169634413?
False
Is 2312 a factor of 8497105?
False
Is 541 a factor of 28326937?
False
Is 289130250 a multiple of 50?
True
Is 239 a factor of 88114042?
True
Does 51 divide 38790192?
True
Is 13 a factor of 5529637976?
False
Is 928441 a multiple of 16?
False
Is 413052174 a multiple of 15?
False
Is 19214697 a multiple of 238?
False
Does 1894 divide 201769714?
True
Is 25 a factor of 90839525?
True
Is 5 a factor of 35906508?
False
Is 147 a factor of 27397566?
True
Is 30093701 a multiple of 109?
True
Is 876676159 a multiple of 23?
False
Does 9 divide 171919287?
True
Does 8 divide 59860833?
False
Is 365 a factor of 8761190?
False
Is 134397600 even?
True
Is 89 a factor of 18644254?
True
Does 115 divide 2726743424?
False
Is 99960116 a multiple of 3554?
False
Is 53 a factor of 1607621?
False
Is 134706830 a multiple of 10?
True
Is 1456164247 a multiple of 32?
False
Is 2908 a factor of 31493640?
True
Does 447 divide 22961049?
True
Does 3899 divide 653062711?
False
Does 35 divide 60064913?
False
Is 3364150426 a multiple of 226?
False
Is 470692755 a multiple of 27?
True
Is 1072578024 a multiple of 179?
True
Is 4305 a factor of 74209590?
True
Does 7289 divide 1404466387?
True
Is 354 a factor of 309705396?
True
Does 796 divide 219877488?
True
Is 82114448 a multiple of 4?
True
Is 10 a factor of 797735438?
False
Does 127 divide 52611498?
False
Is 13 a factor of 155988835?
False
Does 19 divide 97183431?
False
Is 13998747 a multiple of 39?
False
Is 19891859 a multiple of 778?
False
Is 143602680 a multiple of 60?
True
Does 114 divide 361208202?
True
Is 91 a factor of 45630081?
False
Is 43146088 a multiple of 35?
False
Is 163 a factor of 3720801?
True
Does 4 divide 82132996?
True
Does 501 divide 412868823?
False
Is 47542028 a multiple of 17?
False
Is 65 a factor of 807102103?
False
Is 175080942 a multiple of 318?
True
Is 3705 a factor of 139082637?
False
Does 6 divide 1622867256?
True
Does 9 divide 286374640?
False
Is 28207304 a multiple of 89?
True
Is 212 a factor of 76294573?
False
Does 305 divide 25138787?
False
Is 483534582 a multiple of 191?
False
Does 62 divide 722261054?
False
Is 26707784 a multiple of 51?
False
Is 33 a factor of 70462359?
True
Is 1323 a factor of 37316854?
False
Is 1453629693 a multiple of 851?
True
Does 642 divide 291174?
False
Is 21745818 a multiple of 13?
False
Is 513844440 a multiple of 2010?
True
Does 21 divide 1406950?
False
Is 19 a factor of 70585146?
False
Is 16 a factor of 21108368?
True
Is 37867078 a multiple of 14?
False
Is 37 a factor of 78554293?
True
Is 9054 a factor of 4928137470?
True
Is 115 a factor of 31630865?
True
Does 6 divide 2911347424?
False
Is 1292496360 a multiple of 3973?
True
Is 171241303 a multiple of 15?
False
Does 9 divide 106859818?
False
Is 5338 a factor of 382633178?
True
Is 167319244 a multiple of 857?
False
Does 336 divide 71975246?
False
Is 170 a factor of 1534760?
True
Is 174 a factor of 7882267?
False
Does 97 divide 113057477?
True
Does 17 divide 1113723499?
True
Is 91594476 a multiple of 687?
False
Is 1811068849 a multiple of 691?
True
Is 64 a factor of 1791597604?
False
Is 114681944 a multiple of 74?
True
Is 114307648 a multiple of 494?
True
Is 18 a factor of 62429669?
False
Does 1990 divide 3118560?
False
Does 342 divide 25810056?
True
Does 709 divide 89431259?
False
Is 1460 a factor of 1112257200?
True
Does 4 divide 11738760?
True
Is 86 a factor of 52193952?
False
Is 13 a factor of 1832075193?
True
Is 146008680 a multiple of 30?
True
Is 4004657024 a multiple of 13?
False
Is 4 a factor of 82771119?
False
Does 86 divide 3914212?
False
Is 32739090 a multiple of 6?
True
Is 48775781 a multiple of 59?
False
Is 22529814 a multiple of 9?
False
Does 71 divide 6823013?
False
Is 15 a factor of 608832750?
True
Is 37 a factor of 247370678?
True
Is 82581431 a multiple of 601?
False
Is 81432103 a multiple of 2754?
False
Is 162989154 a multiple of 202?
True
Does 273 divide 52622115?
True
Is 30210593 a multiple of 117?
False
Is 55330496 a multiple of 16?
True
Is 126 a factor of 289262699?
False
Is 23 a factor of 3791676024?
False
Is 23728496 a multiple of 2552?
True
Is 5968545 a multiple of 61?
True
Is 3 a factor of 482384228?
False
Is 20185420 a multiple of 1672?
False
Is 20 a factor of 64046212?
False
Is 28397140 a multiple of 81?
False
Is 269 a factor of 47378328?
False
Is 12325085 a multiple of 85?
True
Is 607528240 a multiple of 979?
True
Is 5695 a factor of 187732765?
False
Does 3533 divide 3370722244?
True
Is 13 a factor of 27656189?
False
Is 147 a factor of 196222362?
True
Is 43024310 a multiple of 14?
True
Is 2678659 a multiple of 383?
False
Is 1094 a factor of 476432411?
False
Is 392894113 a multiple of 166?
False
Is 1715270650 a multiple of 10?
True
Does 2923 divide 129053890?
False
Does 127 divide 73205776?
False
Is 1858710 a multiple of 15?
True
Is 158 a factor of 1298788914?
True
Does 20 divide 1890635066?
False
Does 9 divide 41629061?
False
Does 2301 divide 9563534?
False
Is 566733585 a multiple of 13?
False
Is 734360130 a multiple of 105?
True
Does 5439 divide 62809572?
True
Is 8 a factor of 143773198?
False
Does 43 divide 270695535?
True
Is 1944 a factor of 76752612?
False
Is 2006 a factor of 667921772?
True
Is 4134550798 a multiple of 149?
False
Does 11 divide 201926999?
False
Does 840 divide 29210160?
True
Is 3836 a factor of 150239616?
False
Is 3856 a factor of 374178528?
True
Does 1944 divide 1367596224?
True
Does 146 divide 259040500?
True
Does 52 divide 4639631565?
False
Does 8 divide 1910665?
False
Does 70 divide 52996311?
False
Is 95091872 a multiple of 1976?
False
Is 145 a factor of 56819845?
True
Is 16102338 a multiple of 1022?
False
Is 43970634 a multiple of 54?
True
Is 1922841373 a multiple of 11959?
False
Is 18 a factor of 417924358?
False
Is 322746964 a multiple of 20?
False
Is 203 a factor of 107442825?
True
Does 1327 divide 2298117178?
True
Does 48 divide 63597744?
True
Does 396 divide 8125760?
False
Is 2273336887 a multiple of 190?
False
Does 43 divide 104568518?
True
Is 550183412 a multiple of 31?
True
Does 2448 divide 138671684?
False
Does 4 divide 6926576?
True
Does 17 divide 1157902334?
True
Is 22 a factor of 818984438?
False
Does 1022 divide 174253044?
True
Is 20735051 a multiple of 169?
False
Is 1576648950 a multiple of 899?
False
Does 121 divide 177181752?
True
Does 6 divide 151278948?
True
Is 247820246 a multiple of 20?
False
Is 2514 a factor of 48213410?
False
Is 46 a factor of 63782887?
False
Does 78 divide 284666581?
False
Is 11359976 a multiple of 2?
True
Does 7 divide 201250296?
False
Is 398403566 a multiple of 15?
False
Does 42 divide 56686182?
True
Is 219258535 a multiple of 17?
False
Does 7 divide 11975446?
True
Does 16 divide 341434544?
True
Does 13 divide 1315077790?
True
Is 69393520 a multiple of 16?
True
Is 726818010 a multiple of 674?
True
Is 93 a factor of 152362644?
True
Does 32 divide 666799179?
False
Does 15 divide 26480837?
False
Does 6 divide 7208376?
True
Does 734 divide 883991612?
False
Is 68 a factor of 62182532?
True
Does 22 divide 729834535?
False
Does 72 divide 237107495?
False
Does 355 divide 313604590?
False
Is 154 a factor of 1094373896?
True
Is 1976352972 a multiple of 2596?
True
Is 1167916765 a multiple of 622?
False
Is 59602661 a multiple of 407?
False
Does 1925 divide 34690468?
False
Is 130965123 a multiple of 18?
False
Is 3550231 a multiple of 41?
True
Is 105 a factor of 2301446?
False
Is 284 a factor of 498902935?
False
Is 31789631 a multiple of 1765?
False
Does 1005 divide 605079922?
False
Does 189 divide 2784982?
False
Is 319783634 a multiple of 90?
False
Is 5176934 a multiple of 5?
False
Does 11 divide 1638502495?
False
Is 10756341 a multiple of 1127?
False
Does 1658 divide 20244180?
True
Is 9751414 a multiple of 219?
False
Does 387 divide 2495646254?
False
Is 802365962 a multiple of 24?
False
Is 127 a factor of 427834698?
False
Is 3095945